 0. Let g(d) = d - 3. Let b be g(l). Calculate r(b).
2
Let x(l) be the third derivative of -l**6/120 - l**5/10 - 5*l**4/24 - 5*l**3/6 + l**2. What is x(-5)?
-5
Let o = -109/2 - -56. Let k(l) be the first derivative of -o*l**2 + 1/4*l**4 + 2/3*l**3 + 2 + 0*l. Calculate k(-3).
0
Suppose -8 = -i + 4*r, r + 15 = 3*i - 2*r. Let d(g) = 3*g - 4*g**3 + 5*g**3 - 3*g**2 - 3 - g**2. Give d(i).
9
Let k(z) be the first derivative of -4*z - 5/2*z**2 + 1/4*z**4 + 6 - 4/3*z**3. Give k(5).
-4
Let c(s) = 6*s**2 + s + 1. Suppose -22 = -5*o - 2, 0 = -5*t + o - 9. What is c(t)?
6
Let g(x) be the first derivative of -2 - 1/4*x**4 + 3*x**2 + 3*x - x**3. Let f(s) = s**3 - 7*s**2 - 2*s + 10. Let m be f(7). Give g(m).
-5
Let v(p) be the first derivative of 1/8*p**4 - 1/120*p**6 + 1 - 1/3*p**3 + 1/15*p**5 - 2*p**2 + 0*p. Let b(l) be the second derivative of v(l). Calculate b(5).
-12
Let o(f) = 7*f**2 + 3*f**2 + f - 4*f**2. Let k(r) = -r**2 - 9*r + 21. Let s be k(-11). Give o(s).
5
Let x(h) = 2 - 37*h**3 + 38*h**3 - 3 - 2*h - 3*h**2. Suppose 4*m + 2*l = -2*l + 36, -4*m + 3*l + 1 = 0. Determine x(m).
7
Let o(x) = -1. Let z(p) = p**2 - 8*p + 3. Let v(j) = -j. Let c be v(-1). Let r(d) = c*z(d) - 6*o(d). Determine r(6).
-3
Let x be (-6)/27 + (-188)/(-36). Suppose 3*f - x*n + 17 = 0, -4*f - 12 = -3*n - 4. Let c(w) be the first derivative of 3*w**3 - w**2 + w - 1. What is c(f)?
8
Let j(h) = -h**2 + h + 1. Let g(q) = 6*q**2 - 9*q - 2. Let p(r) = g(r) + 5*j(r). Let m = -3 - -5. Give p(m).
-1
Let i(z) = -7*z**2 + 4*z + 13. Let c(p) = -p**2 + p + 1. Let h(g) = 6*c(g) - i(g). Let n = 8 - 10. Let y be 4/n + 12/(-4). Calculate h(y).
8
Let b(y) = y - 1. Let j(l) = 7*l + 2. Let f(a) = 5*b(a) - j(a). Calculate f(-6).
5
Suppose 5*a - 32 = 2*n + n, -4*n + 4 = 0. Let o = 8 - a. Let k(v) = -7*v. Give k(o).
-7
Let s(l) = 2*l + 2. Let j(o) = -o - 1. Let n(m) = 7*j(m) + 3*s(m). Let v be (2/4)/(2/20). Suppose -2*r - x = -v, x - 2*x - 11 = -2*r. Calculate n(r).
-5
Let q(t) be the third derivative of 0 + t**2 + 1/24*t**4 + 1/120*t**6 + 0*t - 1/60*t**5 + 2/3*t**3. Determine q(0).
4
Suppose 12*f - 39 = -f. Let l(o) = o**2 - 2. Determine l(f).
7
Let n(p) = 6*p + 1. Let z be n(-1). Let v = z + 5. Let y(w) = w + 4*w + v*w - 6*w - 2. What is y(0)?
-2
Let d(s) = s**2 - 6*s + 3. Let v be 12/8 + (-18)/(-4). Let b = v + -3. Calculate d(b).
-6
Let f = 7 - 5. Suppose -6 = -h - 3. Let i = f + h. Let y(d) = -d**3 + 5*d**2 + 2*d - 4. Calculate y(i).
6
Let u(m) = m**3 + 1 + 11*m - m + 5 + 6*m**2 - 8*m. Give u(-6).
-6
Let r(n) = -n**3 - 2*n**2 - n. Let o = 6 + -7. Determine r(o).
0
Let u(x) be the first derivative of -x**3 - 8 - 1/4*x**4 + 3/2*x**2 + x. Give u(-4).
5
Suppose 30 = 5*i - 0*i. Let a(c) = c - 2. What is a(i)?
4
Let q(c) = -c**3 + c - 1. Let l(o) = -2*o**3 + 9*o**2 + 12*o - 3. Let b(a) = -l(a) + 3*q(a). What is b(-8)?
8
Let a(z) = -6*z + 0*z**3 - 36 - 5*z**2 + z**3 + 34. Give a(6).
-2
Let w = -25 - -16. Let m = w + 6. Let c(n) = n**2 + n. Calculate c(m).
6
Let j be 1*(-12)/(3/(-1)). Let m(r) = r**3 - 4*r**2 + 3*r + 3. Let h be m(4). Suppose j*y = -y - h. Let a(n) = n + 3. What is a(y)?
0
Let k(a) = -a**2 + a - 2. Suppose -4*v = 5*d - 10, 0*v = 4*v. Let r(u) = 2*u**d + 3*u + 3 + u + 0 - 3*u**2. Let l be r(5). Calculate k(l).
-8
Let c(z) = -z**3 + 2*z**2 - z + 2. Suppose -3*q + 16 = -2*j + 2, -j = 4. Give c(q).
0
Suppose -j = -2*y + y, 0 = -4*j - 16. Let x(g) = 3*g + 2. Calculate x(y).
-10
Let f(x) = 2*x + 0*x - 4 - 3*x. Let g = 33 - 30. What is f(g)?
-7
Let w(y) = y + 3. Let g(c) = -2*c - 5. Let u(h) = -3*g(h) - 5*w(h). Calculate u(-3).
-3
Let n(k) = 1 + 0*k - k - 2*k. Let f(t) = t**2 - 4*t - 5. Let l be f(6). Suppose 3*a = l*a - 8. Determine n(a).
-5
Let y(g) = -3*g + g + 4*g - 2. Let f be y(-2). Let a(h) = -h**2 - 5*h - 3. What is a(f)?
-9
Let k(q) = -q**3 - 2*q**2 - 2*q - 3. Suppose 2*o = 3*o - 4*w - 6, -w - 2 = 0. Calculate k(o).
1
Let a(u) = 8*u**3 - u. Suppose 2*x + 3*g - 2 = 8*g, 0 = -4*g. Give a(x).
7
Let u(o) = -o**3 - 26*o**2 + 26*o - 36. Let t be u(-27). Let c(z) = z**2 + 10*z + 10. Determine c(t).
1
Let w be (-16)/40 - 3/5. Let x be (w - 0)*(0 + 0). Let k(h) = -h - 5. Calculate k(x).
-5
Let d(j) be the second derivative of j**5/20 - j**4/4 - 5*j**3/6 + 9*j. Let v be (-26)/(-8) - (-3)/4. Give d(v).
-4
Suppose -5*l - 2 = 5*w - 22, 5*l - 20 = 0. Let m(n) = -6*n + 2*n - 6 + w*n - n. Determine m(-4).
14
Let g(i) = -i + 1. Let h(t) = -t + 1. Let c(b) = -3*g(b) + 4*h(b). Determine c(1).
0
Let h(x) = 2*x - 2. Let r = -25 - -28. Determine h(r).
4
Let a(x) be the second derivative of -2*x + 0 - 1/6*x**4 - 1/360*x**6 + 1/120*x**5 + 0*x**2 + 0*x**3. Let c(k) be the third derivative of a(k). What is c(3)?
-5
Let f be ((-2)/3)/(1/(-6)). Let o(y) be the third derivative of y**4/12 - y**3 - 4*y**2. Determine o(f).
2
Let v(o) = 3*o**2 + 5*o**3 + 3 - 2 - 2*o - o**2. Let w be (1/(-5))/(1/(-5)). Calculate v(w).
6
Let l be 1*(-1)/(2/(-8)). Let y = -2 + l. Let j(n) = -3*n**y + 2*n - 3 + n + 0*n. What is j(2)?
-9
Let u(m) be the first derivative of -17*m**3/3 - m**2/2 - m + 9. Determine u(-1).
-17
Let j(c) = 4*c. Let m be j(1). Suppose -9 = -k - m. Let q(v) be the third derivative of v**4/12 - v**3 + 2*v**2 + 9*v. Give q(k).
4
Let m(t) be the first derivative of t**3/3 + t**2 - 5*t - 8. Calculate m(-5).
10
Let t(g) = 3*g + 0*g - 6*g + 1 + g**2 - 2*g**2. Determine t(-6).
-17
Suppose -3*f - 2*c = -11, f = 3*f + 4*c - 10. Let i(m) = -44*m**f + 3 + 43*m**3 - m - 1. What is i(2)?
-8
Let h(t) be the second derivative of t**4/12 + 13*t**3/6 - 9*t**2 + 10*t. Let w be h(-14). Let j(v) = v**2 + 4*v + 5. What is j(w)?
5
Let w = -1 + 2. Let v(x) = 3*x - 2*x - x**2 - 1 - x**2. Determine v(w).
-2
Let f(b) = 1. Suppose -3*j + 3 = -3*g, 5*g - 3*j + 3 = 2. Suppose 2 = -2*z + 4*z. Let d(t) = -4*t - 4. Let c(s) = g*f(s) + z*d(s). What is c(-3)?
9
Let r(k) = 3*k**2 + 9*k - 9. Let y(q) = 2*q**2 + 5*q - 5. Let p(o) = 3*r(o) - 5*y(o). Suppose 2*h - 3*d = h - 10, 0 = -3*h + 2*d - 2. Give p(h).
-2
Let g = 24 + -29. Let l(t) = -t**3 - 6*t**2 - 3*t + 4. Give l(g).
-6
Let o(a) be the third derivative of -a**6/120 - 7*a**5/60 - a**4/24 + a**3/2 - 6*a**2. What is o(-7)?
10
Let w(u) = u**3 + 14. Let v(r) = -r - 1. Let o be v(-1). Determine w(o).
14
Let k be (-1 + 6/4)*2. Let x(a) = -10*a**3 + a**2 - a + 1. What is x(k)?
-9
Let o(q) = -q + 1. Let d(m) = m**3 + 3*m**2 - 9*m - 1. Let v(h) = -d(h) + 3*o(h). What is v(-5)?
24
Let p(d) be the second derivative of -d**3/6 + d. Suppose 2*x = 3*z + 4, 0 = 2*x + 4*z - z - 4. Let i be p(x). Let a(q) = -q**3 + 2*q**2 + 3*q. Give a(i).
10
Let d(l) = l**2 + 4*l + 5. Let q be d(-3). Let f(m) = -6 + 3*m + 5 - q - 2*m. Calculate f(3).
0
Suppose m = -2*m. Let l = 3 - m. Suppose l*w + 2*f - 5*f = -12, 0 = 5*w + 2*f + 6. Let s(j) = j - 1. Determine s(w).
-3
Let f(v) = 28*v**2. Let i be 8/10 + (-6)/(-30). Determine f(i).
28
Let a(g) = -2*g + 0*g + 4 - 14. Let u = -58 - -51. What is a(u)?
4
Let a(x) = 1. Let k(j) = -6*j + 1. Let d(y) = -a(y) - k(y). Let z be -5*(-2 + 48/20) - 0. What is d(z)?
-14
Let b = -111 - -116. Let k(o) be the second derivative of -o**3/6 + 7*o**2/2 - o. What is k(b)?
2
Let r(t) be the third derivative of t**4/12 + 5*t**3/6 + 12*t**2. Give r(-6).
-7
Let u(f) = -f**2 + f - 1. Let g(m) = -m**3 + 10*m**2 - 9*m + 7. Let s(x) = g(x) + 6*u(x). Calculate s(3).
1
Suppose -5*t = -4*z + 14, 6*z - t - 22 = 2*z. Let m(k) = -86 + 4*k**2 - 4*k - k - 3*k**2 + 94. Calculate m(z).
14
Let g(v) = -4*v**3 + 5*v**2 - 7*v. Let h(r) = 6*r**3 - 7*r**2 + 10*r. Suppose 4*o - 19 = 1. Let z(i) = o*h(i) + 7*g(i). Determine z(-1).
-3
Let x(c) be the first derivative of 3*c**2/2 + 4*c + 1. Let s be (-52)/14 - (-1 - 18/(-14)). What is x(s)?
-8
Let c(o) = -o - 12. Let h(b) = -b**3 + b**2 - 2*b + 1. Let q be h(2). Give c(q).
-5
Let w(b) = b**3 + 10*b**2 - 2*b - 15. Let c be w(-10). Let z(m) = m**3 - 6*m**2 + 2*m + 7. What is z(c)?
-8
Let b(v) be the first derivative of v**4/4 - 3*v + 13. Determine b(0).
-3
Let c(g) = -81*g**2 - 5*g + 4*g + 80*g**2. What is c(-3)?
-6
Let h(i) = -5*i - i + 3*i. Let x(o) = 2*o + 1. Suppose -4*t = -0*t - 12. Let l(z) = t*h(z) + 3*x(z). Calculate l(3).
-6
Let m be 6/15 + 28/(-20). Let r(t) = 3*t**2 + 3*t + 2. Let v(a) = -a**2 + a + 1. Let c(f) = -r(f) + 2*v(f). Give c(m).
-4
Let k be 52/(-6) 